ose 3*i = i. Let g be (i - 0) + 0/5. Suppose 4*t - 33 - 11 = g. What is the highest common factor of 22 and t?
11
Let a be ((-91)/2)/((-9)/18). Let s be (-35)/(0 + (-15)/6). Calculate the greatest common factor of s and a.
7
Suppose -a = -5*i - 22, -i + 0 - 2 = a. Suppose 100 = a*h + 3*h. Suppose l = 5*t + h + 8, -l + 20 = -3*t. What is the highest common divisor of 32 and l?
8
Let k = 51 + -75. Let f be k/(-15) + 1/(50/20). What is the greatest common divisor of f and 146?
2
Let g be 69/(-6)*-2 + 0. Suppose 0 = -6*w + 14*w + 8. Let o be 1*(w + -1) + (-2 - -119). What is the greatest common factor of g and o?
23
Let s be (2 - (3 + -3 + -1)) + -1. Suppose 5*y - 16*r - 15 = -11*r, 0 = -2*y - s*r + 10. Calculate the highest common divisor of 92 and y.
4
Let u(s) = 8*s + s - 8 + s - 5*s. Let c be u(4). Let z(k) = -k**3 + 10*k**2 - 7*k - 6. Let p be z(6). What is the greatest common divisor of p and c?
12
Suppose 0 = 5*m + u - 51, -2*u - 13 = -15. What is the highest common factor of 2930 and m?
10
Let j = -29 + 37. Suppose 0 = -j*d + 3*d + 15, 489 = 4*q - d. Let h(p) = 4*p**2 - 4*p - 7. Let m be h(-3). What is the greatest common divisor of m and q?
41
Let c be 2*(-8)/(-12)*12. Let b be 2/2*(10 - c). Let y(p) = p**3 + 7*p**2 + 4*p + 2. Let j be y(b). Calculate the greatest common divisor of j and 35.
7
Suppose 5*a - 868 = 3*c, -41*c + 42*c = -3*a + 532. Let x = 362 - a. Calculate the greatest common divisor of 6 and x.
6
Let m be (-2434458)/(-208) + -4 + (18/(-16) - -1). Calculate the greatest common divisor of m and 20.
20
Let w(b) = 2126*b**2 + 786*b + 1575. Let k be w(-2). Calculate the highest common divisor of 543 and k.
181
Let l(n) = n**3 - 2*n**2 - 4*n - 2. Let r be l(-2). Let b be (-126)/r + (-6)/10. Calculate the greatest common divisor of 516 and b.
12
Suppose -20*s + 777 = -9*s - 8*s. What is the greatest common factor of 851 and s?
37
Let v(a) = 56*a**2 - 31*a**2 - 12*a + 13 - 26*a**2. Let j(l) = -l - 4. Let p be j(5). Let r be v(p). Calculate the highest common factor of 8 and r.
8
Let u(h) = 1240*h + 11190. Let f be u(-9). Let l = 18 - -2. What is the greatest common divisor of f and l?
10
Let h = 23451 - 23376. Let j = 60 + -35. Calculate the greatest common factor of j and h.
25
Let i be (-18)/5*(-140)/3. Let o be (-3 + (-5 + 16 - 3))/(3/3) - -107. What is the greatest common divisor of o and i?
56
Suppose -3*l - 2*l + 210 = 0. Suppose -3*k + 1128 = -n, -1152 = -3*k - 8*n + 5*n. What is the highest common divisor of l and k?
42
Let a(v) = -4*v - 39. Let f(k) be the first derivative of k**2/2 - 23*k - 30. Let u be f(13). Let g be a(u). What is the greatest common divisor of g and 9?
1
Suppose 477*k - 20 = 475*k. Let h(a) be the second derivative of a**3/6 + a**2/2 - a. Let d be h(k). Calculate the greatest common divisor of 121 and d.
11
Suppose 21 - 21 = 28*c. Suppose -16*r + 12052 - 1556 = c. Calculate the greatest common divisor of 41 and r.
41
Let l = 25235 - 16409. Calculate the highest common factor of l and 12.
6
Suppose 4*a + 152 = 2*w, 20*a - 24*a + 112 = 2*w. What is the greatest common factor of 282 and w?
6
Let y be (2/(-16)*-2)/(41/3116). Suppose 28*r - 94 = -y*r. What is the greatest common factor of r and 6?
2
Let y = 77 - 59. Let t = y + 8. Calculate the greatest common factor of t and 1040.
26
Let b be 525/5 + (39 - 45). Calculate the highest common factor of b and 576.
9
Let g be -8 + (166 - (6 - -2)). Let b be 356/(-18) + (-8)/36. Let t = b - -50. Calculate the greatest common divisor of g and t.
30
Let t be 6/2*(44 + 0). Let l = 297715 + -297539. What is the greatest common factor of t and l?
44
Let l(r) = 14*r**2 - 81*r + 33. Let q be l(-16). What is the greatest common factor of q and 51?
17
Suppose -a - 3*o = -1678, 2*a - 789 = 4*o + 2547. What is the highest common factor of a and 56?
8
Let y(a) = 308*a + 1699. Let n be y(-5). What is the highest common factor of 1961 and n?
53
Let c be ((-50)/4)/(9552/416 - 23). Calculate the highest common divisor of c and 1225.
25
Suppose -159*s + 65537 = 368*s - 43523 + 24740. Let f(c) = 2*c**2 - 7*c + 6. Let o be f(4). What is the highest common factor of s and o?
10
Let j(w) = -w**3 + 6*w**2 + 9*w - 3. Let i = -22 + 29. Let o be j(i). Let y(s) = 4*s + 27. Let m be y(7). What is the highest common factor of m and o?
11
Let j = -188 - -550. Suppose -6*p + 4*p = -j. Suppose p = 11*x - 50. Calculate the greatest common divisor of x and 189.
21
Let r = -13670 + 15174. What is the greatest common factor of 1081 and r?
47
Suppose -5*y + 2*l = -970, -7*l + 593 = 3*y - 6*l. Suppose -2*h + y + 188 = 0. Calculate the greatest common factor of 144 and h.
48
Suppose -u - 3*l + 35 = 11, 2*u - 58 = -l. Suppose 3*j - 4*t = 23, 10*t = 4*j + 5*t - u. What is the greatest common factor of j and 35?
5
Let f = -397 - -781. Calculate the highest common factor of 912 and f.
48
Let p be (-11 - -1)/((-8)/44). Let l = p + -51. Calculate the greatest common divisor of l and 8.
4
Let r be ((-52)/78)/(4/(-102)). Let m be (-3)/1*1 - -2. Let s be (-2 + (-3)/m)*85. Calculate the highest common divisor of s and r.
17
Suppose 33558 = 1958*z - 1911*z. Calculate the highest common divisor of z and 11781.
357
Suppose 560 + 649 = 3*h. Suppose h = -9*s - 794. Let l = s + 137. What is the greatest common factor of 44 and l?
4
Suppose 3*j + 5*w - 6225 = 0, -9*j + 5*w = -13*j + 8310. What is the highest common factor of 120 and j?
15
Let h(k) be the first derivative of k**2/2 - 9*k - 8. Let c be h(9). Suppose -280 = -c*o - 2*o. Calculate the greatest common divisor of 20 and o.
20
Suppose 0 = 2*t - 5*l - 92, -4*l + 128 = 7*t - 3*t. Let p(s) = s**2 - 36*s + 100. Let q be p(t). Calculate the highest common divisor of 40 and q.
20
Let o = 9859 + -9459. Calculate the highest common divisor of 640 and o.
80
Suppose 0 = 10*x - 3001 - 749. What is the highest common factor of 15 and x?
15
Suppose -63 = -5*z + 22. Suppose -z*y + 110 = -7*y. Let r be (-165)/2*24/(-20). Calculate the highest common factor of r and y.
11
Let j be ((-3)/(3 + -6))/(5/160). Let g(h) = -h**2 + 47*h - 84. Let f be g(j). Let k = 37 - -7. Calculate the highest common divisor of f and k.
44
Let h(j) = j**3 + 15*j**2 - 16*j + 16. Let i be h(-16). What is the highest common divisor of 1000 and i?
8
Let g(n) = -n**2 - 87*n + 93. Let o be g(-18). Calculate the highest common divisor of o and 15.
15
Suppose 36 = m - 0*m - 2*z, 5*z + 73 = 2*m. Let j(l) = 8*l**3 + 55*l**2 + 14*l + 19. Let a be j(-6). What is the highest common factor of a and m?
17
Let k be -1 + 0 + 61/((-6)/(-6)). Suppose -4*s = -y + 109, -5*s + k = -2*y + 275. Calculate the greatest common divisor of 30 and y.
15
Let d(q) = 142*q - 4890. Let j be d(43). What is the greatest common factor of 1088 and j?
64
Let i = 11719 - 11527. Calculate the highest common divisor of 228 and i.
12
Suppose 4*g - 156*c - 655 = -153*c, 4*c + 20 = 0. Calculate the greatest common factor of 6640 and g.
80
Let n(q) = 256*q - 758. Let d be n(3). Let f be 717/4 - (-9)/12. What is the highest common divisor of d and f?
10
Let y be (2 - 0 - 3) + -26. Let i = y + 29. Suppose -i*v + 6*v = 704. Calculate the highest common divisor of 16 and v.
16
Let b be 3/12 + -1291*1/(-4). Calculate the highest common divisor of 133 and b.
19
Let d be ((-162)/(-24) + -1 - 2)/(2/4208). What is the greatest common factor of d and 30?
30
Let c be (-56530)/(-25) - (-18)/(-15). Suppose 0 = -29*t + c + 5309. Calculate the greatest common divisor of t and 9.
9
Let g be (-8)/((-112)/42) - (-9*4 + -2). Calculate the greatest common factor of 7093 and g.
41
Let y = -5456 + 5568. What is the greatest common factor of y and 2884?
28
Let k be 3690/4*-4*2/10. Let h = -472 - k. What is the highest common factor of 7 and h?
7
Let j be 587/39 - 96/1872. Let m(v) = -3*v - 4. Let s be m(-3). Suppose j = 4*n - s. What is the highest common divisor of 65 and n?
5
Let s(x) = 164*x**3 - 5*x**2 - 165*x**3 - 3*x**2 + 3*x**2 - 8*x - 3. Let c be s(-4). Let p = 40 - -12. Calculate the highest common divisor of p and c.
13
Let s = -31 + 379. Calculate the highest common divisor of s and 8.
4
Let z(u) = -4*u + 6. Let t be (0 - -4)*(-24)/16. Let n be z(t). Calculate the highest common divisor of n and 45.
15
Let x = -5737 - -6121. Calculate the highest